se 16, what is 5 + 1237?
123c
In base 2, what is 101 + -1011001?
-1010100
In base 11, what is -105 + -1?
-106
In base 4, what is 11 + 130?
201
In base 3, what is -2 - -2100121?
2100112
In base 4, what is -1 - -10222?
10221
In base 16, what is -63a + -4?
-63e
In base 3, what is -202200 + -11?
-202211
In base 10, what is -128 - 5?
-133
In base 8, what is 2505 + 5?
2512
In base 14, what is -510 + 1?
-50d
In base 6, what is 222 - -44?
310
In base 11, what is -3 - -4701?
46a9
In base 2, what is -100 + 111010010?
111001110
In base 7, what is 6 - 1265?
-1256
In base 8, what is -1234 + 0?
-1234
In base 9, what is 8 + 750?
758
In base 4, what is -22 - 2313?
-3001
In base 7, what is -2 + -1666?
-2001
In base 3, what is -1001 - 20?
-1021
In base 9, what is 726 - -3?
730
In base 16, what is -2 - -ab?
a9
In base 4, what is -1 + -21?
-22
In base 11, what is -424 + -13?
-437
In base 3, what is 112 + 20?
202
In base 4, what is 10 - -2120?
2130
In base 2, what is 101000000111 - -101?
101000001100
In base 9, what is -31 + -6?
-37
In base 6, what is -534 + -2?
-540
In base 15, what is 11 - -17?
28
In base 9, what is -634 - -4?
-630
In base 10, what is 4 - 16?
-12
In base 12, what is -83 + -94?
-157
In base 9, what is 5 - -145?
151
In base 5, what is -144002 + -10?
-144012
In base 5, what is 20 - 41?
-21
In base 5, what is 312 - 11?
301
In base 11, what is -12 + 13?
1
In base 8, what is 1 - 147?
-146
In base 15, what is -37e - 5?
-384
In base 5, what is -1 + 1043?
1042
In base 10, what is 13 + 70?
83
In base 8, what is -1 - 44?
-45
In base 16, what is -1b9 - 2?
-1bb
In base 14, what is 2 + -32?
-30
In base 8, what is 12561 - -4?
12565
In base 12, what is 277 - 5?
272
In base 10, what is 0 - -86?
86
In base 10, what is -1154 - -1?
-1153
In base 6, what is -1344 - -5?
-1335
In base 8, what is -662 - -2?
-660
In base 11, what is 3637 - 5?
3632
In base 5, what is -2422 + -4?
-2431
In base 15, what is -4 + 265?
261
In base 3, what is -2111 - -11?
-2100
In base 5, what is 2 - 103?
-101
In base 8, what is -4 - 1217?
-1223
In base 2, what is 1000000 - 111000?
1000
In base 14, what is -4 + 231?
22b
In base 6, what is 201 + 3?
204
In base 14, what is -871 - 2?
-873
In base 9, what is 1030 - -8?
1038
In base 9, what is -5 - 62?
-67
In base 5, what is 33341 - -4?
33400
In base 8, what is -137 - -16?
-121
In base 8, what is -154 + 12?
-142
In base 14, what is 37 - -19?
52
In base 8, what is -3 + -62?
-65
In base 10, what is -167 + -2?
-169
In base 14, what is 20 - -4?
24
In base 11, what is -2 - -3a6?
3a4
In base 11, what is -1228 - -3?
-1225
In base 4, what is -1 - -220?
213
In base 15, what is 1 - -1092?
1093
In base 4, what is -1300 + -11?
-1311
In base 7, what is 23 - -5?
31
In base 7, what is -1411 + -3?
-1414
In base 9, what is 6 - 14?
-7
In base 7, what is -3 - 550?
-553
In base 14, what is 5 - 95?
-90
In base 16, what is 5 + -44f?
-44a
In base 7, what is 31 - 26?
2
In base 10, what is -234 - -2?
-232
In base 11, what is 3 + 1?
4
In base 6, what is 24 - -2312?
2340
In base 12, what is -76b + -5?
-774
In base 8, what is 25 - 171?
-144
In base 16, what is -82f + -4?
-833
In base 5, what is -320 - -340?
20
In base 6, what is 2250 - -32?
2322
In base 10, what is -23 + 375?
352
In base 10, what is -1 + -33?
-34
In base 4, what is -31 + 1002?
311
In base 3, what is 11 + 22?
110
In base 7, what is 116 + -40?
46
In base 8, what is 1707 + 0?
1707
In base 14, what is 1d - 13?
a
In base 5, what is 3 - 1143?
-1140
In base 15, what is -120 + -2?
-122
In base 13, what is 1c1 - 1a?
1a4
In base 11, what is 15 - -8?
22
In base 5, what is -2123 - 2?
-2130
In base 2, what is 0 - 1011110?
-1011110
In base 15, what is -17d5 - -1?
-17d4
In base 15, what is 3 - 12b?
-128
In base 6, what is -1 - 10412?
-10413
In base 4, what is -22 - -1012320?
1012232
In base 4, what is -1320 + -3?
-1323
In base 15, what is 1 + -63e?
-63d
In base 10, what is -551 - 0?
-551
In base 10, what is 161 - -6?
167
In base 7, what is 140 + 12?
152
In base 5, what is -4 + 33?
24
In base 14, what is d9 + -9?
d0
In base 9, what is 456 + -3?
453
In base 10, what is 33 - 1?
32
In base 10, what is 5799 - -1?
5800
In base 12, what is -12 + 1?
-11
In base 14, what is -5 - -221?
21a
In base 10, what is 1 - -259?
260
In base 4, what is -10 - 112013?
-112023
In base 7, what is 222 + 51?
303
In base 3, what is -20 - -11?
-2
In base 11, what is 5 - -6357?
6361
In base 8, what is 17740 + -4?
17734
In base 10, what is 508 + -1?
507
In base 2, what is 1001 + -1111101?
-1110100
In base 11, what is -4 - -676?
672
In base 11, what is 8 + 51?
59
In base 7, what is 5 - 1624?
-1616
In base 13, what is -7 - -44?
3a
In base 16, what is 2 + 75?
77
In base 11, what is -74 + -8?
-81
In base 12, what is 1b - 26?
-7
In base 6, what is -4 + -2250?
-2254
In base 10, what is -6 - 79?
-85
In base 10, what is -4369 + 0?
-4369
In base 2, what is 110000010 - 0?
110000010
In base 9, what is -47 - 6?
-54
In base 8, what is 17240 - 1?
17237
In base 7, what is -213 - -54?
-126
In base 7, what is 100340 - 5?
100332
In base 15, what is -31d5 + 2?
-31d3
In base 14, what is 3633 + -3?
3630
In base 5, what is -31110 - 1?
-31111
In base 7, what is 2 + -1523?
-1521
In base 8, what is 0 + -450?
-450
In base 16, what is 2a - 0?
2a
In base 5, what is -212 - 2?
-214
In base 9, what is -10 - -134?
124
In base 7, what is 2 + 3226?
3231
In base 2, what is -1 + 1001100000?
1001011111
In base 2, what is -100 + 10101110?
10101010
In base 10, what is 4 - 431?
-427
In base 13, what is 1ca + -5?
1c5
In base 9, what is -8 + -433?
-442
In base 9, what is -271 + 4?
-266
In base 11, what is -5 - 66?
-70
In base 11, what is 28 - -1?
29
In base 5, what is 1201133 + -10?
1201123
In base 11, what is -5 - -aa?
a5
In base 12, what is 3 + 436?
439
In base 12, what is 5 + -b?
-6
In base 9, what is -317 + -2?
-320
In base 10, what is -1220 + -3?
-1223
In base 11, what is -1302 + 5?
-12a8
In base 7, what is 45 - 5?
40
In base 16, what is -2 - 11?
-13
In base 9, what is -3 - 323?
-326
In base 8, what is 1323 - -4?
1327
In base 13, what is -219a + 1?
-2199
In base 12, what is 97 - 3?
94
In base 14, what is -13 + 598?
585
In base 5, what is 20010 - 2?
20003
In base 10, what is 271 + -2?
269
In base 9, what is -11 - 160?
-171
In base 7, what is -12 - 15?
-30
In base 11, what is 2 - 254?
-252
In base 12, what is 1 + -48?
-47
In base 3, what is -11122 - -1?
-11121
In base 8, what is 260 - -1?
261
In base 5, what is -11042 - 13?
-11110
In base 14, what is 5 - -12a?
131
In base 8, what is -17553 + 5?
-17546
In base 11, what is 305 + 2?
307
In base 9, what is 4 - 50?
-45
In base 2, what is -10100 - -101?
-1111
In base 7, what is 4 + 6032?
6036
In base 2, what is -111111100 - 110?
-1000000010
In base 12, what is 306 + 17?
321
In base 15, what is d - -164?
172
In base 13, what is -3 - -80?
7a
In base 7, what is -1 - -221?
220
In base 14, what is 1 + 6a?
6b
In base 15, what is -9e - -5?
-99
In base 7, what is 1 - 214?
-213
In base 12, what is -1 - 616?
-617
In base 14, what is 8b9 + 0?
8b9
In base 13, what is -9 - -599?
590
In base 11, what is 83 - 3?
80
In base 14, what is 20 - -28?
48
In base 13, what is 8 - -9b?
a6
In base 10, what is 1 + -169?
-168
In base 9, what is -163 - 1?
-164
In base 3, what is 10202222 - -11?
10210010
In base 5, what is 4 - 213311?
-213302
In base 12, what is -17a + -1?
-17b
In base 6, what is -12420 + -5?
-12425
In base 13, what is 19b + -4?
197
In base 4, what is -310 + -21?
-331
In base 11, what is -2a - 2?
-31
In base 16, what is -1a + 2c?
12
In base 8, what is -4 + -65?
-71
In base 13, what is 24bb + 4?
24c2
In base 12, what is 4a + -1?
49
In base 8, what is 30 + -404?
-354
In base 10, what is -550 + 54?
-496
In base 6, what is 3 + -30225?
-30222
In base 16, what is -4 - 98?
-9c
In base 12, what is 9b8 - -5?
a01
In base 11, what is 486 - -4?
48a
In base 14, what is 5 - -22a?
231
In base 13, what is -2 - -205?
203
In base 4, what is 1101 + 222?
1323
In base 5, what is 114 + 423?
1042
In base 6, what is 5 + 230?
235
In base 8, what is -2 + -216?
-220
In base 12, what is 12b - 6?
125
In base 8, what is -245 - 3?
-250
In base 13, what is -2 + -a4?
-a6
In base 6, what is 1 - 1345?
-1344
In base 13, what is -67b - -2?
-679
In base 13, what is -1 + 78?
77
In base 14, what